 = 0. Suppose -4*h - h + q = 2*y, -4*h + 163 = 5*y. What is the highest common factor of 14 and h?
14
Let d = -104 - -169. Let y(f) = -2*f**3 - 2*f - 1. Let w be y(-1). Suppose -w*o + 99 = 21. Calculate the greatest common divisor of d and o.
13
Let f be ((-6)/(-4))/(12/8). Suppose -b = 2*b. Let x(c) = -c**3 + c**2 - c + 4. Let r be x(b). What is the greatest common divisor of r and f?
1
Let c = 161 + -105. Suppose -4*b + 0*b = -32. What is the greatest common factor of c and b?
8
Let z be -24*(-25)/10*1/2. Calculate the highest common factor of z and 3.
3
Let g = -3 + 3. Suppose 6 + g = 3*s. Suppose 3*k + 5*i - 7 = 0, 7 = s*k - 2*i - 3. What is the greatest common factor of k and 16?
4
Let d(u) = -u**3 + 7*u**2 - 5*u - 1. Suppose 0 = -5*o - 2*l + 15, l = -4*o + 6 + 9. Let w be d(o). What is the greatest common divisor of 192 and w?
24
Let b = 60 - 58. What is the highest common factor of 14 and b?
2
Let q(y) = -7*y + 6. Let v = 1 + -2. Let u be v/(1*2/14). Let k be q(u). What is the highest common factor of 11 and k?
11
Suppose 5*f = -9 + 54. Let u be ((-45)/(-4))/((-19)/(-76)). Calculate the highest common factor of f and u.
9
Let n = -15 - -25. Suppose 0 = d + 3*d - 20, -5*o - 805 = 3*d. Let r be o/(-16) - 2/8. What is the highest common divisor of n and r?
10
Let r = -434 - -771. Suppose -3*l - 3*t = -195, -2*l + r = 3*l - t. Let j be l/2 + (-3)/(-6). Calculate the highest common factor of 17 and j.
17
Let c be (12/(-8))/(4/(-40)). Calculate the highest common divisor of c and 10.
5
Suppose 3*z - z = -8. Let j be (-13)/z + 1/(-4). Suppose -3 = -j*w + 39. Calculate the highest common factor of w and 42.
14
Let g be 144/10 - (-2)/(-5). Suppose b - q - 83 = 0, -424 = b - 6*b - 4*q. Let j be ((-6)/(-6))/(2/b). Calculate the greatest common factor of j and g.
14
Let a(f) = 43*f - 4. Let q be a(4). Calculate the greatest common factor of 21 and q.
21
Suppose 0 = a + 3*a - 20. Calculate the greatest common divisor of a and 15.
5
Suppose -2*a = 3*a - 4*b - 5, 3 = 3*a - 5*b. What is the greatest common divisor of 9 and a?
1
Suppose -3 = -l + 5. Calculate the highest common divisor of 16 and l.
8
Let r be 5/((-20)/(-336)) + -4. Let s be (15/10)/(6/40). What is the greatest common factor of r and s?
10
Let t be 2*(3 + -2) + 3. Suppose 3*q + 2*y = 2, t*q + 3*y + 5 = -2*y. What is the greatest common factor of q and 12?
4
Let b = -3 + 18. Suppose -4*z + 7*z - b = 0. Calculate the greatest common divisor of 40 and z.
5
Let o(u) = -u**2 + 19*u + 26. Let v be o(13). What is the greatest common divisor of 13 and v?
13
Let x be 10*(4/4 - -2). Let m = -18 + 30. Calculate the greatest common factor of m and x.
6
Let u(s) = s**2 - 1. Let m(y) = 8*y**2 + 2*y - 8. Let d(a) = m(a) - 5*u(a). Suppose f = -1 - 2. Let o be d(f). Calculate the highest common divisor of o and 45.
9
Let x = -27 - -52. What is the greatest common divisor of 100 and x?
25
Let h = 251 + -101. What is the greatest common factor of 15 and h?
15
Let t = -10 + 17. Suppose l = -4*s - 24, 2*l - 5*s + 24 = -24. Let z be ((-21)/4)/(9/l). What is the greatest common divisor of z and t?
7
Let h(k) = 8*k + 16. Let p be h(13). What is the greatest common divisor of p and 15?
15
Suppose 5*p - 147 = -7. Calculate the greatest common factor of p and 42.
14
Let n be 27 - 18/(-12)*2/(-1). Let u(a) = -4*a - 2. Let l be 6/(-4)*(-4)/(-3). Let c be u(l). What is the highest common factor of c and n?
6
Suppose -6*z + 2*z + 48 = 0. Suppose -p = -0*p - 36. What is the greatest common factor of p and z?
12
Suppose d = 4*d - 6. Suppose d*v - 5*q = -v - 6, 0 = 3*v + q - 12. Let z = 7 + 2. What is the highest common factor of v and z?
3
Let v = 248 - 246. Let h = -1 + 1. Suppose h = 4*j - 43 - 45. What is the highest common factor of j and v?
2
Let r be 104/(-26)*(-22)/8. What is the highest common factor of r and 77?
11
Let s = -19 - -19. Suppose -5*r + 10 = -s*r. What is the highest common factor of 16 and r?
2
Suppose 2*k + 26 = 6*k - 5*h, 3*h - 6 = 0. Suppose -2*f - 154 = -4*c - 4, -f = 3*c - 105. Let t be 1130/18 + 8/c. What is the highest common factor of t and k?
9
Suppose -7*y + 144 = -y. Suppose p - 5*p + y = 0. What is the highest common divisor of p and 66?
6
Suppose -5*t = -2*h - 697, 4*t = 5*h - t + 1705. Let f = 490 + h. Calculate the highest common factor of 22 and f.
22
Let b be -1 + 5 + 2 + -4. Calculate the highest common factor of b and 2.
2
Let f(g) be the third derivative of -13*g**4/24 + 2*g**3/3 + 2*g**2. Let s be f(-4). What is the greatest common factor of 7 and s?
7
Let m(x) = -2*x + 12. Let g be m(0). Let u = -171 - -267. What is the greatest common factor of u and g?
12
Let o(z) = 20*z + 2. Let h be o(4). Suppose 0 = -3*c - c. Suppose -2*l + 34 = -2*p, c*l - h = -5*l + 2*p. What is the greatest common factor of l and 4?
4
Suppose 3*w - 39 = -9. Let a(z) = z**3 - 11*z**2 + 13*z - 6. Let x be a(w). Calculate the highest common factor of x and 192.
24
Let a = 35 - 10. Suppose 4*q - 70 = 3*p, -4*p - 8 = -0*p. Suppose 3*k = 6, j - 3*k = 3*j - q. Calculate the greatest common factor of a and j.
5
Let x = 18 + -8. Let b = x + 39. Let q(a) = -a**3 - a**2 + 7. Let c be q(0). Calculate the greatest common factor of c and b.
7
Suppose -y - 3*i + 5 = 0, 0 = 2*y - 5*y - 2*i + 22. Suppose -36 = -2*c - y. What is the greatest common divisor of c and 154?
14
Suppose 2 - 3 = -2*z + 3*m, -3 = z - 5*m. What is the highest common factor of z and 18?
2
Let u(l) = 2 + 4*l + 3*l**2 - 6*l**2 + 4*l**2. Let s be u(-4). Calculate the highest common divisor of s and 1.
1
Suppose 0 = 4*t - 0*t + 8. Let y = 17 + t. Let z(s) = -60*s. Let g be z(-2). What is the highest common factor of y and g?
15
Suppose 2*p - 2*n + 7 + 1 = 0, -p - 3*n = -8. Let t be (p - 4/(-1))*3. Let j = -83 + 146. What is the greatest common factor of t and j?
9
Let s be (-27)/(-21) - (-14)/(-49). What is the greatest common factor of 3 and s?
1
Let f = 31 - 7. What is the highest common factor of 48 and f?
24
Let p(i) be the second derivative of -i**5/20 - 7*i**4/12 - i**3/2 + 7*i**2/2 + i. Let k be p(-7). Calculate the highest common divisor of 14 and k.
14
Suppose 2*g - d - 1 - 13 = 0, -4*d = 4*g - 4. Calculate the greatest common factor of g and 1.
1
Let i be 75/(-10)*(-32)/5. What is the highest common divisor of i and 16?
16
Let s = 21 + -13. Calculate the greatest common divisor of 40 and s.
8
Suppose 0 = -6*k + 5*k + 115. Calculate the highest common divisor of 23 and k.
23
Let w(p) = p**2 + 27*p + 38. Let v be w(-29). Calculate the highest common factor of 48 and v.
48
Let c(x) = -3*x - 2. Let u be c(-2). Suppose u*h = h - 141. Let k = -11 - h. Calculate the highest common factor of k and 24.
12
Suppose 0 = -2*r - 2*r + 12. Suppose 78 = 3*k - 3*f - 69, 98 = 2*k + 4*f. Suppose -k = -3*u + 50. Calculate the greatest common divisor of u and r.
3
Let z(a) = 3*a**3 + a - 1. Let y be z(1). Suppose -2*x - 14 = -y*k, -k + 2*x + 3 = x. Calculate the greatest common factor of k and 40.
8
Let a(g) be the third derivative of g**5/60 + 5*g**4/12 + 4*g**3/3 + 2*g**2. Let r be a(-9). Let m = r + 6. Calculate the highest common factor of 55 and m.
5
Let b(i) = -i**2 - 9*i - 4. Let j be b(-8). Suppose j*k - 5*l - 24 = 0, -3*k - 2*l - 3*l = -18. Calculate the greatest common factor of k and 3.
3
Suppose r + 2*r - 4*l = 51, -5*r + 5*l + 85 = 0. What is the highest common factor of r and 34?
17
Let l(m) = 43*m - 2. Let y be l(-1). Let x be (y/(-10))/(9/12). What is the highest common divisor of x and 24?
6
Suppose -n + 19 = 2. Let x be (1/(-2))/(2/(-408)). Calculate the highest common factor of n and x.
17
Let v(u) = u**2 + 9*u - 12. Let s be v(-12). Calculate the greatest common divisor of 12 and s.
12
Let f(u) = 8*u - 2. Let h(w) = w**3 + 5*w**2 - w - 1. Suppose -l + 1 = 6. Let m be h(l). Let k be f(m). Calculate the highest common factor of k and 10.
10
Let r(a) be the first derivative of 7*a**3 + a**2 + a + 1. Let v be r(-2). What is the greatest common factor of v and 27?
27
Let r(d) = 23*d - 3. Let b be r(10). Suppose 123 = 5*q - b. What is the highest common divisor of q and 10?
10
Suppose -13*i - 308 = -24*i. What is the highest common divisor of 140 and i?
28
Let w be ((-14)/4)/(4/(-280)). Calculate the greatest common divisor of w and 98.
49
Le